3)?
-1
What is the value of -4 - (1 + 0 + -3)?
-2
Evaluate 3 + -1 + -2 + -3 - -5.
2
(-8 - (1 - 15)) + (1 - -1)
8
What is the value of (17 - 24) + (11 - -4)?
8
-4 + (-1 - (-1 + 0))
-4
Calculate -2 + 1 + -4 + 1.
-4
Evaluate -5 - (8 - (7 - 0)).
-6
Evaluate 7 + (-12 - -23) + -15.
3
What is the value of (-6 - -1 - (10 - 10)) + 5?
0
Evaluate -10 - (-2 + 4 - 15).
3
Calculate -1 + 5 + 2 + -2 + -1.
3
6 + -3 + 1 + -9
-5
(10 - -4) + -5 + -9
0
What is -4 - (-5 + 4 + 1)?
-4
3 + -12 - -15 - 2
4
2 - (7 - 0) - (1 + -6)
0
(8 - 13 - (-1 + 1)) + 2
-3
Evaluate -3 - (1 + 4 + -12).
4
Calculate 3 + -3 - (2 + (0 - 2)).
0
What is 1 - (7 + -9 + 5) - 4?
-6
1 - (-9 - (1 - 0 - 6))
5
Evaluate -3 + 16 + -11 - -3.
5
What is 2 + (0 + 1 - (-8 + 6))?
5
What is the value of (6 - 0 - 1 - 12) + 1?
-6
What is the value of -3 - 3 - (-10 - -6)?
-2
What is the value of -1 - (-5 + 10) - -10?
4
What is -2 + (2 + 4 - 0)?
4
(24 - 24) + (-4 - -1)
-3
Evaluate -6 + -8 - (-7 - -2 - 1).
-8
What is (7 - (-2 + 0 + 11)) + -2?
-4
What is the value of (1 - -3) + -4 - (10 + -2)?
-8
-1 + (-3 - -8) + -5
-1
What is the value of 0 - (2 - ((4 - 1) + 0))?
1
What is (-15 - (6 - 29)) + -11 + 0?
-3
Evaluate (-2 + 2 - -3) + -2.
1
What is 2 + -3 - (7 - (8 + 0))?
0
(-1 - 1) + -1 + 6 + -1
2
What is the value of -3 - (-2 - (5 + -6))?
-2
What is 4 - (-1 - -2) - (3 - 0)?
0
10 + -22 - -12 - (0 - 5)
5
What is the value of -4 + 0 + -2 + (-5 - -10)?
-1
-9 + (3 - 3) + 4
-5
Calculate (-7 + 8 - 0) + 1.
2
4 + (0 - ((0 - -1) + 2))
1
What is the value of (-8 - (-7 + 10)) + 4?
-7
What is the value of 2 - (-2 - (-9 + (4 - 1)))?
-2
Evaluate (15 - 9) + (0 - 5).
1
What is the value of -19 + 23 + (4 - 2 - 1)?
5
What is the value of (-4 + 6 - -3) + (15 - 25)?
-5
What is (-4 + -1 + 5 - 0) + -1?
-1
What is the value of -18 + 1 + 8 - (1 - 4)?
-6
What is 1 - -1 - (-2 - 3)?
7
What is 0 - 5 - (-8 - -3)?
0
10 + -10 - (5 + -2 + -6)
3
Evaluate 6 - (9 + -6 - -5).
-2
What is -3 - (-7 + 5 + -4 + -1)?
4
What is the value of 0 - ((-2 - 0 - 0) + -3)?
5
Evaluate (-2 - 2) + (2 + -5 - -12).
5
Evaluate -8 - (-12 - -11) - -6.
-1
-3 - -1 - -3 - -1 - -3
5
Evaluate 11 + -24 - (0 + 0 - 7).
-6
0 + -5 - ((-5 - -6) + -3)
-3
Calculate (7 - 7) + -6 - (-2 - -1).
-5
Evaluate 9 + 8 + -29 - -14.
2
What is the value of -7 + -1 + (6 - (16 + -18))?
0
(3 - 4) + -2 + 2
-1
Calculate 2 - (-1 + 0 + 6).
-3
What is 5 + (-5 - 0) + 4?
4
What is 12 + -28 - -9 - -6?
-1
Calculate (4 + -9 - 0) + 6.
1
Calculate -2 - (-1 - (3 + -2)) - -2.
2
What is the value of (5 + 0 - 4) + -6?
-5
Calculate -1 - (-4 - -4) - -2.
1
Evaluate 1 + -7 - (-1 - 1 - 4).
0
What is (1 - 1) + 1 + (6 - 3)?
4
Calculate (-2 - -1) + -1 - (-11 - -10).
-1
Calculate -6 + 23 + -10 + -12.
-5
Calculate -3 + (16 - 5) - 5.
3
What is -5 + -3 + 2 + 5 + 6?
5
What is the value of (-1 - (-8 + 2)) + -3?
2
Calculate (6 - 3) + -3 + -2 + 6.
4
7 + -16 + 4 + 3
-2
Evaluate -15 + 1 - (2 - (-4 + 11)).
-9
What is the value of -2 + (-3 - -8) + -1 - 6?
-4
(3 - 7) + -1 - (0 + -1)
-4
Evaluate 5 - ((-4 - -1) + 5) - -2.
5
Evaluate -4 + -10 + 8 + 6.
0
What is 3 + (2 - (-3 + 3))?
5
Evaluate -5 + 1 + (3 - 3).
-4
Evaluate 49 + -51 + (8 - 2 - 2).
2
Calculate (2 - (-9 + 13)) + -2.
-4
What is -4 + 3 + (0 - 0)?
-1
Evaluate -4 + 1 + 20 + -10.
7
What is the value of 2 + -4 + (6 + 1 - 1)?
4
What is the value of (6 - -6) + -3 + 0 + -2?
7
What is (16 - (9 + 8)) + (0 - 1)?
-2
Evaluate -3 + 10 + -9 + -1.
-3
Calculate -1 + 18 + (-60 - -63) + -9.
11
What is (0 - (-4 - -4)) + -2 + -4?
-6
Calculate 7 - (-7 - -7) - 14.
-7
Calculate 10 + -6 - (0 + 0 + 8).
-4
What is the value of 4 + (-2 - 0) + 4 + -2?
4
What is (18 - 10) + -2 + -2 + 1?
5
What is 4 + (5 - 1 - 11)?
-3
What is the value of 3 + (6 - 6) - (0 + 7)?
-4
What is the value of 4 - (-1 + -3 + (1 - -2))?
5
Calculate 1 - (-6 - -2) - (10 - 9).
4
1 - 3 - ((-4 - 0) + 5)
-3
-1 + (11 - 1) + (648 - 650)
7
What is the value of (-5 - 0) + -39 + 45?
1
Calculate -4 + (8 - (-1 - -3)).
2
-3 + -5 + (0 - -4)
-4
Calculate -3 + (-4 - 0 - -11).
4
What is the value of 5 + -3 + -4 + 2?
0
What is (-8 - -9) + -12 + 1 + 7?
-3
Calculate 618 - 630 - (-5 - (1 - 2)).
-8
What is 1 + 5 + (-4 - -5 - 1)?
6
Calculate 3 + -16 - (5 + -14).
-4
6 + (-5 - (4 - 8))
5
-16 + 21 + 0 + -6
-1
Evaluate 9 + -8 + -4 + 3.
0
What is -1 + -1 + (-5 - -3 - -2)?
-2
Calculate -3 + (-5 - (-1 - 2)).
-5
Evaluate 2 + -6 - (-7 - -7).
-4
Calculate (-3 - (2 - 0)) + (49 - 44).
0
What is 2 + -10 + -9 + 11?
-6
What is the value of -6 - ((5 + -3 - 5) + 1)?
-4
What is (-21 - -19) + (3 - 0) + -2?
-1
Calculate -4 - (-11 - (8 + -9)).
6
Calculate -1 + 6 + 3 + 0.
8
Calculate -3 - (-2 - (-6 + 6)) - 2.
-3
Evaluate (-3 - -5) + 0 - (10 - 9).
1
Calculate 5 - 5 - (-1 + 2) - 3.
-4
What is -3 + (1 - (-2 + -1)) - -1?
2
What is 11 - 4 - 4 - -7?
10
Evaluate -1 - (3 - 4 - 3) - 5.
-2
What is -1 + (8 - (8 - 2)) - 5?
-4
(-2 - 0 - (1 + -6)) + -6
-3
Evaluate 253 - 251 - (2 - 0).
0
6 + -3 + -5 + -2
-4
Calculate (2 - 2 - -1) + -2 + -1.
-2
-9 - (1 - 4 - 2)
-4
What is -4 + (-1 - -2 - (-29 - -28))?
-2
-9 + 3 + 15 - 3
6
(11 - 4 - 2) + -13 + 5
-3
Calculate (9 - 14) + (-1 - -9).
3
11 + (-12 - -7) - 0
6
Evaluate -2 - ((-2 - (0 + 2)) + -1).
3
Calculate -3 + 0 + 4 - -7 - 4.
4
Calculate (0 - -1) + -8 + 3.
-4
Calculate 13 - 1 - (3 + 4).
5
-4 - (-6 + 8) - -2
-4
-10 - -2 - (-4 - (8 - 8))
-4
What is 1 + 0 - (48 - 44)?
-3
-1 - 3 - (-206 - -204)
-2
Calculate (-9 - -4 - -7) + 2 + 2.
6
(-11 - -3) + 3 - (-4 + 0)
-1
What is 1 + (-2 - -12) + -15?
-4
Evaluate 3 + 3 + -11 + (-4 - -9).
0
Calculate (3 - -4) + -31 + 20.
-4
Evaluate 2 + -1 + 90 + -83.
8
What is the value of (-7 - -3) + 3 - -3 - -2?
4
Calculate 1 + (2 - (1 - 0)) + -3.
-1
Calculate 5 - 2 - (12 + -5).
-4
Evaluate 4 - (10 - (1 - -2)).
-3
Evaluate 11 + (-11 - -5) - 2.
3
Evaluate -5 + 1 - (5 + -9).
0
Evaluate (8 - (-7 + 24 + -8)) + -6.
-7
What is 5 + -1 + -54 + 57?
7
Calculate -8 + -3 + 1 + 4 - -3.
-3
4 - (2 + (6 - 10))
6
13 + -6 - (8 - (-1 - 1))
-3
-3 + -2 - (2 - 5)
-2
Evaluate 4 - (7 - (-1 + -5) - 5).
-4
8 - (12 + -3 - 4)
3
(5 - 11) + -1 + 14
7
What is (-5 - 1) + 6 - 6?
-6
Calculate (-7 - (4 + -2)) + -32 + 32.
-9
(-5 - (2 + -3)) + 2
-2
Calculate -9 + 5 + 4 - (4 + 0).
-4
What is 6 + (0 - (6 + 4))?
-4
What is the value of 8 - 2 - (17 + -4 - 9)?
2
Calculate 2 + -3 + -5 + (1 - -5).
0
-1 + -1 - 0 - (-7 + 6)
-1
Calculate -1 + 6 + (-1 - 6 - -5).
3
Calculate -11 + 12 + (-9 - -3).
-5
1 + (13 - 20) - (-4 + 1)
-3
What is 2 - -2 - (3 - (-2 - -3))?
2
Calculate -21 + 21 + (-4 - -2).
-2
-8 + 1 + (-2 + 4 - -2)
-3
(0 - (-5 + 1)) + 54 + -53
5
What is (4 + -2 - -9) + -9?
2
Evaluate -4 + 4 + -11 + 11.
0
Evaluate (-3 - -3 - -2) + (-2 - -1).
1
Calculate -4 + -1 - (-4 + 1).
-2
What is 35 + -36 - (0 - -1)?
-2
What is the value of 9 - 9 - (-3 - -8)?
-5
What is the value of (-10 - (-1 - (7 + -1))) + -2?
-5
What is -10 + 5 + 2 + -6?
-9
Calculate -1 - (4 + -2) - (-4 - -2).
-1
Evaluate (18 - 17) + 6 + -1.
6
What is the value of -2 - (-8 - -6) - -4?
4
Evaluate 0 + 1 - (-5 + 2).
4
What is 4 + 0 + -7 + 4?
1
What is the value of -12 + (-4 - -17 - 2)?
-1
What is the value of -2 + 1 + -1 + (-1 - -1)?
-2
What is the value of 1 + (3 + 1 + 4 - 13)?
-4
10 + -7 + -6 + 1
-2
Evaluate 3 + 2 - 17 - -6.
-6
Calculate 22 - 25 - (-1 + -12).
10
-1 + -1 - (2 + -4 + -3)
3
Evaluate 17 + -20 + 0 + -6.
-9
What is the value of -10 + 6 + 6 - -2?
4
Evaluate -6 - (2 + -7) - 4 - 1.
-6
Evaluate 2 + -4 + 0 + 1.
-1
Calculate 3 - 5 - 2 - -1 - 6.
-9
Evaluate -2 - -3 - (-5 - (-1 + -1)).
4
What is (2 - 0) + 2 - (-14 + 16)?
2
What is 4 - ((-7 - (-4 + 3)) + 17)?
-7
Calculate -26 + 1 + 11 - -24.
10
Calculate 4 - (4 + -6 + 6) - 4.
-4
(-4 - (6 - 3)) + 0 + 4
-3
Evaluate -8 + 11 + (1 - 0).
4
Evaluate 4 - (-6 + 8 + 6) - -4.
0
Evaluate 2 + 0 + 2 - (-18 + 22).
0
Calculate 14 + -25 + 8 + (15 - 1).
11
-8 - -5 - (-8 + 2 - 1)
4
-18 - (-10 - (2 - 2))
-8
Calculate -7 - (-8 - (3 + 1 + -2)).
3
Calculate 2 + 3 + 4 + -9 + -3.
-3
What is the value of -7 - (-10 + -3 - -8)?
-2
What is (-2 - 3) + -5 + 8 + 6?
4
Evaluate (-3 - 7) + -2 + (2 - -5).
-5
Calculate 2 - (2 - 3 - 1).
4
Calculate (-2 - (8 + -2)) + 13 + -13.
-8
What is 1 + (-10 - -3) + 0?
-6
What is the value of -40 + 42 - (-1 - -4)?
-1
(-1 - -3 - 8) + 8
2
What is the value of (1 - 4) + (3 + -5 - -2)?
-3
Evaluate (-17 - (-4 + -15)) + (2 - 0).
4
7 + -4 - (4 - 0)
-1
What is -1 + 5 + (5 - 2